[INFO] cloning repository https://github.com/dporkka/tokio-rust-htmx-sqlite
[INFO] running `Command { std: "git" "-c" "credential.helper=" "-c" "credential.helper=/workspace/cargo-home/bin/git-credential-null" "clone" "--bare" "https://github.com/dporkka/tokio-rust-htmx-sqlite" "/workspace/cache/git-repos/https%3A%2F%2Fgithub.com%2Fdporkka%2Ftokio-rust-htmx-sqlite", kill_on_drop: false }`
[INFO] [stderr] Cloning into bare repository '/workspace/cache/git-repos/https%3A%2F%2Fgithub.com%2Fdporkka%2Ftokio-rust-htmx-sqlite'...
[INFO] running `Command { std: "git" "rev-parse" "HEAD", kill_on_drop: false }`
[INFO] [stdout] e0580f432bbf482527191952d0fbf8b6f1b1fa79
[INFO] checking dporkka/tokio-rust-htmx-sqlite against 40527f3e444fde1deb361751bdef9b9e11d1b971+rustflags=--cfg crater_hack --force-warn invalid-c-variadic-arguments for pr-162478
[INFO] running `Command { std: "git" "clone" "/workspace/cache/git-repos/https%3A%2F%2Fgithub.com%2Fdporkka%2Ftokio-rust-htmx-sqlite" "/workspace/builds/worker-6-tc2/source", kill_on_drop: false }`
[INFO] [stderr] Cloning into '/workspace/builds/worker-6-tc2/source'...
[INFO] [stderr] done.
[INFO] started tweaking git repo https://github.com/dporkka/tokio-rust-htmx-sqlite
[INFO] finished tweaking git repo https://github.com/dporkka/tokio-rust-htmx-sqlite
[INFO] tweaked toml for git repo https://github.com/dporkka/tokio-rust-htmx-sqlite written to /workspace/builds/worker-6-tc2/source/Cargo.toml
[INFO] validating manifest of git repo https://github.com/dporkka/tokio-rust-htmx-sqlite on toolchain 40527f3e444fde1deb361751bdef9b9e11d1b971
[INFO] running `Command { std: CARGO_HOME="/workspace/cargo-home" RUSTUP_HOME="/workspace/rustup-home" "/workspace/cargo-home/bin/cargo" "+40527f3e444fde1deb361751bdef9b9e11d1b971" "metadata" "--manifest-path" "Cargo.toml" "--no-deps", kill_on_drop: false }`
[INFO] crate git repo https://github.com/dporkka/tokio-rust-htmx-sqlite already has a lockfile, it will not be regenerated
[INFO] running `Command { std: CARGO_HOME="/workspace/cargo-home" RUSTUP_HOME="/workspace/rustup-home" "/workspace/cargo-home/bin/cargo" "+40527f3e444fde1deb361751bdef9b9e11d1b971" "fetch" "--manifest-path" "Cargo.toml", kill_on_drop: false }`
[INFO] [stderr]     Blocking waiting for file lock on package cache
[INFO] [stderr]     Updating crates.io index
[INFO] [stderr]     Blocking waiting for file lock on package cache
[ERROR] error running command: no output for 300 seconds
[INFO] checking dporkka/tokio-rust-htmx-sqlite against 40527f3e444fde1deb361751bdef9b9e11d1b971+rustflags=--cfg crater_hack --force-warn invalid-c-variadic-arguments for pr-162478
[INFO] running `Command { std: "git" "clone" "/workspace/cache/git-repos/https%3A%2F%2Fgithub.com%2Fdporkka%2Ftokio-rust-htmx-sqlite" "/workspace/builds/worker-6-tc2/source", kill_on_drop: false }`
[INFO] [stderr] Cloning into '/workspace/builds/worker-6-tc2/source'...
[INFO] [stderr] done.
[INFO] started tweaking git repo https://github.com/dporkka/tokio-rust-htmx-sqlite
[INFO] finished tweaking git repo https://github.com/dporkka/tokio-rust-htmx-sqlite
[INFO] tweaked toml for git repo https://github.com/dporkka/tokio-rust-htmx-sqlite written to /workspace/builds/worker-6-tc2/source/Cargo.toml
[INFO] validating manifest of git repo https://github.com/dporkka/tokio-rust-htmx-sqlite on toolchain 40527f3e444fde1deb361751bdef9b9e11d1b971
[INFO] running `Command { std: CARGO_HOME="/workspace/cargo-home" RUSTUP_HOME="/workspace/rustup-home" "/workspace/cargo-home/bin/cargo" "+40527f3e444fde1deb361751bdef9b9e11d1b971" "metadata" "--manifest-path" "Cargo.toml" "--no-deps", kill_on_drop: false }`
[INFO] crate git repo https://github.com/dporkka/tokio-rust-htmx-sqlite already has a lockfile, it will not be regenerated
[INFO] running `Command { std: CARGO_HOME="/workspace/cargo-home" RUSTUP_HOME="/workspace/rustup-home" "/workspace/cargo-home/bin/cargo" "+40527f3e444fde1deb361751bdef9b9e11d1b971" "fetch" "--manifest-path" "Cargo.toml", kill_on_drop: false }`
[INFO] [stderr]     Blocking waiting for file lock on package cache
[INFO] [stderr]     Blocking waiting for file lock on package cache
[INFO] [stderr]  Downloading crates ...
[INFO] [stderr]   Downloaded pin-project v1.1.4
[INFO] [stderr]   Downloaded tokio-rusqlite v0.5.0
[INFO] [stderr]   Downloaded pin-project-internal v1.1.4
[INFO] [stderr]   Downloaded siphasher v1.0.0
[INFO] [stderr]   Downloaded refinery v0.8.12
[INFO] [stderr]   Downloaded rust-embed-utils v8.2.0
[INFO] [stderr]   Downloaded rust-embed-impl v8.2.0
[INFO] [stderr]   Downloaded refinery-macros v0.8.12
[INFO] [stderr]   Downloaded refinery-core v0.8.12
[INFO] [stderr]   Downloaded async-compression v0.4.3
[INFO] [stderr]   Downloaded ahash v0.8.8
[INFO] [stderr]   Downloaded tower-http v0.5.1
[INFO] [stderr]   Downloaded axum v0.7.4
[INFO] [stderr]   Downloaded rust-embed v8.2.0
[INFO] [stderr]   Downloaded axum-embed v0.1.0
[INFO] running `Command { std: "docker" "create" "-v" "/var/lib/crater-agent-workspace/builds/worker-6-tc2/source:/opt/rustwide/workdir:ro,Z" "-v" "/var/lib/crater-agent-workspace/builds/worker-6-tc2/target:/opt/rustwide/target:rw,Z" "-v" "/var/lib/crater-agent-workspace/cargo-home:/opt/rustwide/cargo-home:ro,Z" "-v" "/var/lib/crater-agent-workspace/rustup-home:/opt/rustwide/rustup-home:ro,Z" "-m" "1610612736" "--network" "none" "ghcr.io/rust-lang/crates-build-env/linux@sha256:8683fc1fc2eb5c9ac98e0d076ab094b2ffac7f99da555d2b6a2e27f346de2ec7" "sleep" "infinity", kill_on_drop: false }`
[INFO] [stdout] a2d3e84155275c9105864f81f31f900c13433ba301509eef47de009e56c1d50d
[INFO] running `Command { std: "docker" "start" "a2d3e84155275c9105864f81f31f900c13433ba301509eef47de009e56c1d50d", kill_on_drop: false }`
[INFO] running `Command { std: "docker" "inspect" "a2d3e84155275c9105864f81f31f900c13433ba301509eef47de009e56c1d50d", kill_on_drop: false }`
[INFO] running `Command { std: "docker" "exec" "-e" "SOURCE_DIR=/opt/rustwide/workdir" "-e" "CARGO_HOME=/opt/rustwide/cargo-home" "-e" "RUSTUP_HOME=/opt/rustwide/rustup-home" "-e" "CARGO_TARGET_DIR=/opt/rustwide/target" "-w" "/opt/rustwide/workdir" "--user" "0:0" "a2d3e84155275c9105864f81f31f900c13433ba301509eef47de009e56c1d50d" "/opt/rustwide/cargo-home/bin/cargo" "+40527f3e444fde1deb361751bdef9b9e11d1b971" "metadata" "--no-deps" "--format-version=1", kill_on_drop: false }`
[INFO] running `Command { std: "docker" "inspect" "a2d3e84155275c9105864f81f31f900c13433ba301509eef47de009e56c1d50d", kill_on_drop: false }`
[INFO] running `Command { std: "docker" "exec" "-e" "SOURCE_DIR=/opt/rustwide/workdir" "-e" "CARGO_HOME=/opt/rustwide/cargo-home" "-e" "RUSTUP_HOME=/opt/rustwide/rustup-home" "-e" "CARGO_TARGET_DIR=/opt/rustwide/target" "-e" "CARGO_INCREMENTAL=0" "-e" "RUST_BACKTRACE=full" "-e" "RUSTFLAGS=--cap-lints=forbid --cfg crater_hack --force-warn invalid-c-variadic-arguments" "-e" "RUSTDOCFLAGS=--cap-lints=forbid" "-w" "/opt/rustwide/workdir" "--user" "0:0" "a2d3e84155275c9105864f81f31f900c13433ba301509eef47de009e56c1d50d" "/opt/rustwide/cargo-home/bin/cargo" "+40527f3e444fde1deb361751bdef9b9e11d1b971" "check" "--frozen" "--all" "--all-targets" "--message-format=json", kill_on_drop: false }`
[INFO] [stderr]    Compiling serde v1.0.196
[INFO] [stderr]    Compiling ahash v0.8.8
[INFO] [stderr]    Compiling memchr v2.7.1
[INFO] [stderr]     Checking tracing v0.1.40
[INFO] [stderr]     Checking http v1.0.0
[INFO] [stderr]    Compiling async-trait v0.1.77
[INFO] [stderr]    Compiling syn v2.0.48
[INFO] [stderr]    Compiling jobserver v0.1.26
[INFO] [stderr]     Checking parking_lot_core v0.9.9
[INFO] [stderr]     Checking mio v0.8.10
[INFO] [stderr]     Checking socket2 v0.5.5
[INFO] [stderr]     Checking futures-util v0.3.30
[INFO] [stderr]    Compiling walkdir v2.4.0
[INFO] [stderr]     Checking tower-layer v0.3.2
[INFO] [stderr]    Compiling unicode-normalization v0.1.23
[INFO] [stderr]    Compiling axum-core v0.4.3
[INFO] [stderr]    Compiling zstd-safe v6.0.6
[INFO] [stderr]    Compiling powerfmt v0.2.0
[INFO] [stderr]     Checking parking_lot v0.12.1
[INFO] [stderr]    Compiling regex-syntax v0.8.2
[INFO] [stderr]     Checking bitflags v2.4.2
[INFO] [stderr]    Compiling cc v1.0.83
[INFO] [stderr]    Compiling minimal-lexical v0.2.1
[INFO] [stderr]    Compiling winnow v0.6.5
[INFO] [stderr]    Compiling idna v0.5.0
[INFO] [stderr]    Compiling deranged v0.3.11
[INFO] [stderr]     Checking aho-corasick v1.1.2
[INFO] [stderr]    Compiling itoa v1.0.10
[INFO] [stderr]     Checking fallible-iterator v0.3.0
[INFO] [stderr]     Checking fallible-streaming-iterator v0.1.9
[INFO] [stderr]    Compiling mime_guess v2.0.4
[INFO] [stderr]     Checking sha2 v0.10.8
[INFO] [stderr]     Checking brotli-decompressor v2.3.4
[INFO] [stderr]     Checking hashbrown v0.14.3
[INFO] [stderr]    Compiling rust-embed-utils v8.2.0
[INFO] [stderr]     Checking http-body v1.0.0
[INFO] [stderr]    Compiling nom v7.1.3
[INFO] [stderr]    Compiling url v2.5.0
[INFO] [stderr]     Checking futures-channel v0.3.30
[INFO] [stderr]    Compiling siphasher v1.0.0
[INFO] [stderr]    Compiling time v0.3.34
[INFO] [stderr]     Checking flate2 v1.0.27
[INFO] [stderr]    Compiling axum v0.7.4
[INFO] [stderr]     Checking indexmap v2.2.3
[INFO] [stderr]     Checking hashlink v0.8.4
[INFO] [stderr]     Checking regex-automata v0.4.5
[INFO] [stderr]     Checking askama_escape v0.10.3
[INFO] [stderr]    Compiling zstd-sys v2.0.8+zstd.1.5.5
[INFO] [stderr]    Compiling libsqlite3-sys v0.27.0
[INFO] [stdout] error[E0282]: type annotations needed for `Box<_>`
[INFO] [stdout]   --> /opt/rustwide/cargo-home/registry/src/index.crates.io-1949cf8c6b5b557f/time-0.3.34/src/format_description/parse/mod.rs:83:9
[INFO] [stdout]    |
[INFO] [stdout] 83 |     let items = format_items
[INFO] [stdout]    |         ^^^^^
[INFO] [stdout] ...
[INFO] [stdout] 86 |     Ok(items.into())
[INFO] [stdout]    |        ----- type must be known at this point
[INFO] [stdout]    |
[INFO] [stdout] help: consider giving `items` an explicit type, where the placeholder `_` is specified
[INFO] [stdout]    |
[INFO] [stdout] 83 |     let items: Box<_> = format_items
[INFO] [stdout]    |              ++++++++
[INFO] [stdout] 
[INFO] [stdout] 
[INFO] [stderr]     Checking brotli v3.3.4
[INFO] [stderr]     Checking chrono v0.4.34
[INFO] [stderr]     Checking crossbeam-channel v0.5.11
[INFO] [stdout] error[E0282]: type annotations needed for `Box<_>`
[INFO] [stdout]   --> /opt/rustwide/cargo-home/registry/src/index.crates.io-1949cf8c6b5b557f/time-0.3.34/src/format_description/parse/mod.rs:83:9
[INFO] [stdout]    |
[INFO] [stdout] 83 |     let items = format_items
[INFO] [stdout]    |         ^^^^^
[INFO] [stdout] ...
[INFO] [stdout] 86 |     Ok(items.into())
[INFO] [stdout]    |        ----- type must be known at this point
[INFO] [stdout]    |
[INFO] [stdout] help: consider giving `items` an explicit type, where the placeholder `_` is specified
[INFO] [stdout]    |
[INFO] [stdout] 83 |     let items: Box<_> = format_items
[INFO] [stdout]    |              ++++++++
[INFO] [stdout] 
[INFO] [stdout] 
[INFO] [stderr]    Compiling rust-htmx-template v0.1.0 (/opt/rustwide/workdir)
[INFO] [stderr]     Checking http-body-util v0.1.0
[INFO] [stdout] For more information about this error, try `rustc --explain E0282`.
[INFO] [stdout] 
[INFO] [stderr] error: failed to run custom build command for `rust-htmx-template v0.1.0 (/opt/rustwide/workdir)`
[INFO] [stderr] note: To improve backtraces for build dependencies, set the CARGO_PROFILE_DEV_BUILD_OVERRIDE_DEBUG=true environment variable to enable debug information generation.
[INFO] [stderr] 
[INFO] [stderr] Caused by:
[INFO] [stderr]   process didn't exit successfully: `/opt/rustwide/target/debug/build/rust-htmx-template/baa71b5c20df0d44/out/build_script_build` (exit status: 101)
[INFO] [stderr]   --- stderr
[INFO] [stderr] 
[INFO] [stderr]   thread 'main' (631) panicked at build.rs:18:10:
[INFO] [stderr]   Failed to compile tailwindcss: Os { code: 2, kind: NotFound, message: "No such file or directory" }
[INFO] [stderr]   stack backtrace:
[INFO] [stderr]      0:     0x6378bdae1291 - std[424fb19f2a9daa83]::backtrace_rs::backtrace::libunwind::trace
[INFO] [stderr]                                  at /rustc/40527f3e444fde1deb361751bdef9b9e11d1b971/library/std/src/../../backtrace/src/backtrace/libunwind.rs:117:9
[INFO] [stderr]      1:     0x6378bdae1291 - std[424fb19f2a9daa83]::backtrace_rs::backtrace::trace_unsynchronized::<std[424fb19f2a9daa83]::sys::backtrace::_print_fmt::{closure#1}>
[INFO] [stderr]                                  at /rustc/40527f3e444fde1deb361751bdef9b9e11d1b971/library/std/src/../../backtrace/src/backtrace/mod.rs:66:14
[INFO] [stderr]      2:     0x6378bdae1291 - std[424fb19f2a9daa83]::sys::backtrace::_print_fmt
[INFO] [stderr]                                  at /rustc/40527f3e444fde1deb361751bdef9b9e11d1b971/library/std/src/sys/backtrace.rs:74:9
[INFO] [stderr]      3:     0x6378bdae1291 - <<std[424fb19f2a9daa83]::sys::backtrace::BacktraceLock>::print::DisplayBacktrace as core[717fc4f5b532b94f]::fmt::Display>::fmt
[INFO] [stderr]                                  at /rustc/40527f3e444fde1deb361751bdef9b9e11d1b971/library/std/src/sys/backtrace.rs:44:26
[INFO] [stderr]      4:     0x6378bdaf1bba - <core[717fc4f5b532b94f]::fmt::rt::Argument>::fmt
[INFO] [stderr]                                  at /rustc/40527f3e444fde1deb361751bdef9b9e11d1b971/library/core/src/fmt/rt.rs:152:76
[INFO] [stderr]      5:     0x6378bdaf1bba - core[717fc4f5b532b94f]::fmt::write
[INFO] [stderr]      6:     0x6378bdae469c - core[717fc4f5b532b94f]::io::write::default_write_fmt::<std[424fb19f2a9daa83]::sys::stdio::unix::Stderr>
[INFO] [stderr]                                  at /rustc/40527f3e444fde1deb361751bdef9b9e11d1b971/library/core/src/io/write.rs:402:11
[INFO] [stderr]      7:     0x6378bdae469c - <std[424fb19f2a9daa83]::sys::stdio::unix::Stderr as core[717fc4f5b532b94f]::io::write::Write>::write_fmt
[INFO] [stderr]                                  at /rustc/40527f3e444fde1deb361751bdef9b9e11d1b971/library/core/src/io/write.rs:335:13
[INFO] [stderr]      8:     0x6378bdac55a6 - <std[424fb19f2a9daa83]::sys::backtrace::BacktraceLock>::print
[INFO] [stderr]                                  at /rustc/40527f3e444fde1deb361751bdef9b9e11d1b971/library/std/src/sys/backtrace.rs:47:9
[INFO] [stderr]      9:     0x6378bdac55a6 - std[424fb19f2a9daa83]::panicking::default_hook::{closure#0}
[INFO] [stderr]                                  at /rustc/40527f3e444fde1deb361751bdef9b9e11d1b971/library/std/src/panicking.rs:289:27
[INFO] [stderr]     10:     0x6378bdadd801 - std[424fb19f2a9daa83]::panicking::default_hook
[INFO] [stderr]                                  at /rustc/40527f3e444fde1deb361751bdef9b9e11d1b971/library/std/src/panicking.rs:316:9
[INFO] [stderr]     11:     0x6378bdadd9bb - std[424fb19f2a9daa83]::panicking::panic_with_hook
[INFO] [stderr]                                  at /rustc/40527f3e444fde1deb361751bdef9b9e11d1b971/library/std/src/panicking.rs:811:13
[INFO] [stderr]     12:     0x6378bdac5652 - std[424fb19f2a9daa83]::panicking::panic_handler::{closure#0}
[INFO] [stderr]                                  at /rustc/40527f3e444fde1deb361751bdef9b9e11d1b971/library/std/src/panicking.rs:685:13
[INFO] [stderr]     13:     0x6378bdabe419 - std[424fb19f2a9daa83]::sys::backtrace::__rust_end_short_backtrace::<std[424fb19f2a9daa83]::panicking::panic_handler::{closure#0}, !>
[INFO] [stderr]                                  at /rustc/40527f3e444fde1deb361751bdef9b9e11d1b971/library/std/src/sys/backtrace.rs:182:18
[INFO] [stderr]     14:     0x6378bdac5d9d - __rustc[1fc61c0a089715c4]::rust_begin_unwind
[INFO] [stderr]                                  at /rustc/40527f3e444fde1deb361751bdef9b9e11d1b971/library/std/src/panicking.rs:676:5
[INFO] [stderr]     15:     0x6378bdaf22ec - core[717fc4f5b532b94f]::panicking::panic_fmt
[INFO] [stderr]                                  at /rustc/40527f3e444fde1deb361751bdef9b9e11d1b971/library/core/src/panicking.rs:80:14
[INFO] [stderr]     16:     0x6378bdaf20c2 - core[717fc4f5b532b94f]::result::unwrap_failed
[INFO] [stderr]                                  at /rustc/40527f3e444fde1deb361751bdef9b9e11d1b971/library/core/src/result.rs:1870:5
[INFO] [stderr]     17:     0x6378bdab0dd2 - <core[717fc4f5b532b94f]::result::Result<std[424fb19f2a9daa83]::process::ExitStatus, core[717fc4f5b532b94f]::io::error::Error>>::expect
[INFO] [stderr]     18:     0x6378bdab0cf8 - build_script_build[aabf6021d251bb1e]::main
[INFO] [stderr]     19:     0x6378bdab3233 - <fn() as core[717fc4f5b532b94f]::ops::function::FnOnce<()>>::call_once
[INFO] [stderr]     20:     0x6378bdab0566 - std[424fb19f2a9daa83]::sys::backtrace::__rust_begin_short_backtrace::<fn(), ()>
[INFO] [stderr]     21:     0x6378bdab0ac9 - std[424fb19f2a9daa83]::rt::lang_start::<()>::{closure#0}
[INFO] [stderr]     22:     0x6378bdadcc78 - <&dyn core[717fc4f5b532b94f]::ops::function::Fn<(), Output = i32> + core[717fc4f5b532b94f]::panic::unwind_safe::RefUnwindSafe + core[717fc4f5b532b94f]::marker::Sync as core[717fc4f5b532b94f]::ops::function::FnOnce<()>>::call_once
[INFO] [stderr]                                  at /rustc/40527f3e444fde1deb361751bdef9b9e11d1b971/library/core/src/ops/function.rs:287:21
[INFO] [stderr]     23:     0x6378bdadcc78 - std[424fb19f2a9daa83]::panicking::catch_unwind::do_call::<&dyn core[717fc4f5b532b94f]::ops::function::Fn<(), Output = i32> + core[717fc4f5b532b94f]::panic::unwind_safe::RefUnwindSafe + core[717fc4f5b532b94f]::marker::Sync, i32>
[INFO] [stderr]                                  at /rustc/40527f3e444fde1deb361751bdef9b9e11d1b971/library/std/src/panicking.rs:573:43
[INFO] [stderr]     24:     0x6378bdadcc78 - std[424fb19f2a9daa83]::panicking::catch_unwind::<i32, &dyn core[717fc4f5b532b94f]::ops::function::Fn<(), Output = i32> + core[717fc4f5b532b94f]::panic::unwind_safe::RefUnwindSafe + core[717fc4f5b532b94f]::marker::Sync>
[INFO] [stderr]                                  at /rustc/40527f3e444fde1deb361751bdef9b9e11d1b971/library/std/src/panicking.rs:541:19
[INFO] [stderr]     25:     0x6378bdadcc78 - std[424fb19f2a9daa83]::panic::catch_unwind::<&dyn core[717fc4f5b532b94f]::ops::function::Fn<(), Output = i32> + core[717fc4f5b532b94f]::panic::unwind_safe::RefUnwindSafe + core[717fc4f5b532b94f]::marker::Sync, i32>
[INFO] [stderr]                                  at /rustc/40527f3e444fde1deb361751bdef9b9e11d1b971/library/std/src/panic.rs:359:14
[INFO] [stderr]     26:     0x6378bdadcc78 - std[424fb19f2a9daa83]::rt::lang_start_internal::{closure#0}
[INFO] [stderr]                                  at /rustc/40527f3e444fde1deb361751bdef9b9e11d1b971/library/std/src/rt.rs:175:24
[INFO] [stderr]     27:     0x6378bdadcc78 - std[424fb19f2a9daa83]::panicking::catch_unwind::do_call::<std[424fb19f2a9daa83]::rt::lang_start_internal::{closure#0}, isize>
[INFO] [stderr]                                  at /rustc/40527f3e444fde1deb361751bdef9b9e11d1b971/library/std/src/panicking.rs:573:43
[INFO] [stderr]     28:     0x6378bdadcc78 - std[424fb19f2a9daa83]::panicking::catch_unwind::<isize, std[424fb19f2a9daa83]::rt::lang_start_internal::{closure#0}>
[INFO] [stderr]                                  at /rustc/40527f3e444fde1deb361751bdef9b9e11d1b971/library/std/src/panicking.rs:541:19
[INFO] [stderr]     29:     0x6378bdadcc78 - std[424fb19f2a9daa83]::panic::catch_unwind::<std[424fb19f2a9daa83]::rt::lang_start_internal::{closure#0}, isize>
[INFO] [stderr]                                  at /rustc/40527f3e444fde1deb361751bdef9b9e11d1b971/library/std/src/panic.rs:359:14
[INFO] [stderr]     30:     0x6378bdadcc78 - std[424fb19f2a9daa83]::rt::lang_start_internal
[INFO] [stderr]                                  at /rustc/40527f3e444fde1deb361751bdef9b9e11d1b971/library/std/src/rt.rs:171:5
[INFO] [stderr]     31:     0x6378bdaafeb1 - std[424fb19f2a9daa83]::rt::lang_start::<()>
[INFO] [stderr]     32:     0x6378bdab34e5 - main
[INFO] [stderr]     33:     0x7819386ae601 - <unknown>
[INFO] [stderr]     34:     0x7819386ae718 - __libc_start_main
[INFO] [stderr]     35:     0x6378bdaaf665 - _start
[INFO] [stderr]     36:                0x0 - <unknown>
[INFO] [stderr] warning: build failed, waiting for other jobs to finish...
[INFO] [stderr] error: could not compile `time` (lib) due to 1 previous error
[INFO] [stdout] For more information about this error, try `rustc --explain E0282`.
[INFO] [stdout] 
[INFO] [stderr] error: could not compile `time` (lib) due to 1 previous error
[INFO] running `Command { std: "docker" "inspect" "a2d3e84155275c9105864f81f31f900c13433ba301509eef47de009e56c1d50d", kill_on_drop: false }`
[INFO] running `Command { std: "docker" "rm" "-f" "a2d3e84155275c9105864f81f31f900c13433ba301509eef47de009e56c1d50d", kill_on_drop: false }`
[INFO] [stdout] a2d3e84155275c9105864f81f31f900c13433ba301509eef47de009e56c1d50d
